21
Let c = -6 - -6. Let w be 1*(0 + (3 - c)). Suppose 44 = w*o - 40. Calculate the highest common factor of 7 and o.
7
Suppose -4*g = 4*n - 548, -4*n = -5*g + 625 + 87. What is the greatest common divisor of g and 56?
28
Let j = -137 - -290. Suppose -2*u - 85 = -j. Calculate the greatest common factor of 153 and u.
17
Suppose 0 = 4*w - 0*g - 3*g - 228, -w = 5*g - 34. Calculate the highest common divisor of w and 1161.
27
Let q(t) = t**3 + 17*t**2 - 23*t - 18. Let z = -33 - -15. Let k be q(z). Calculate the greatest common factor of 24 and k.
24
Let a be (-2)/10 + 10569/195. What is the highest common divisor of 81 and a?
27
Suppose 0 = 2*g - 2*r - 92, r + 0 + 5 = 0. Let s = 27 + g. What is the highest common factor of s and 17?
17
Let b(p) = 14*p. Let c be b(-15). Let h be (12/(-5))/(28/c). Suppose -322 = -3*v - 52. Calculate the highest common divisor of v and h.
18
Let w(i) = -7*i + 4. Let m be w(-3). Let d = 1314 + -1289. Calculate the highest common factor of d and m.
25
Suppose 11 = -3*l + 38. Suppose 4*b - 22 - 19 = -3*u, 0 = -b - 2*u + 14. Let w = b + 73. Calculate the greatest common factor of l and w.
9
Let d(x) = x**2 - 32*x + 150. Let p be d(27). What is the highest common factor of 30 and p?
15
Let z(k) = -174*k + 178. Let o be z(-6). What is the highest common divisor of o and 26?
26
Suppose -4*c + c = -990. Suppose -126*z + 630 = -105*z. Calculate the greatest common factor of c and z.
30
Suppose -p - 4*t = -48, -4*p + 316 = 3*t + 98. Let b be 2/(-7) - 2856/(-392). What is the greatest common factor of p and b?
7
Let s(u) = -21*u + 1377. Let i be s(-8). Calculate the greatest common factor of i and 60.
15
Let n = -549 - -1151. Calculate the greatest common divisor of 14 and n.
14
Suppose 11*m + 3 - 36 = 0. Let w(b) = 6*b**2 + 8*b - 12. Let l be w(m). Calculate the greatest common divisor of l and 6.
6
Suppose -3*y + 22 = -2. Let j be (-23)/2*y/(-4). Let a(n) = 3*n**3 - 1. Let s be a(2). Calculate the highest common factor of j and s.
23
Suppose 2*x = 2*r + 100, -r - 148 = 2*r - 4*x. Let a be (-35)/5*r/14. Calculate the highest common factor of 130 and a.
26
Suppose -2*y = 3*y - 605. Let b = -12 + 11. Let l be b/(-3)*(-11 - -44). What is the highest common factor of y and l?
11
Suppose 5*f - 54 = f + 2*o, -2*f + 3*o + 29 = 0. Let b be 1*(-5)/10*-8. Suppose 47 = b*v - 5. Calculate the greatest common factor of v and f.
13
Let c be (-7 + 1 - 0)*-4. Let x = 18 + -38. Let y be (32 - 0)*(x/(-8) + -2). Calculate the highest common divisor of c and y.
8
Let b be (-21)/7*(-8)/(-6). Let l(i) = 8*i**2 - i - 2. Let n be l(b). Calculate the greatest common divisor of 13 and n.
13
Let j be (-6 + 5)*2*-35. Calculate the highest common factor of j and 40.
10
Suppose 11*q - 20 - 46 = 0. Suppose 0 = -2*n + 11 - 1. Suppose 2 = -b + n. What is the greatest common divisor of b and q?
3
Let r = 177 + -153. Let c(w) = 5*w**2 + 1. Let d be c(1). What is the highest common divisor of r and d?
6
Suppose 0*l + 9*l = 27. Suppose 3*c - 2 = -2*t, t - 4 + l = -4*c. What is the greatest common divisor of 1 and t?
1
Suppose -26*r = -31*r + 390. Suppose -84*t = -r*t - 360. Let a = 153 + -63. What is the highest common divisor of a and t?
30
Let b(d) be the second derivative of -d**4/12 + 3*d**3/2 - d**2 - 20*d. Suppose 8 = -0*u + u. Let c be b(u). What is the greatest common factor of 2 and c?
2
Suppose -314 = -4*d + s, 190 = 5*d - s - 202. Let q be (d/12)/(1/2). What is the highest common divisor of q and 104?
13
Suppose -4*a = -8*a + 12. Suppose 3*r = q + 12, r + a*q = -0*r + 4. Let w be 90 - 4/(r/(-1)). What is the highest common factor of 13 and w?
13
Let r = 1368 + 936. Calculate the highest common factor of 36 and r.
36
Suppose -2*a + 3*a = q + 35, 5*a = -3*q + 151. Calculate the greatest common factor of a and 4.
4
Let l(t) = 10*t**2 + 4*t + 5. Let j(a) = a**2 + a. Let h(z) = -5*j(z) + l(z). Let q be h(4). Calculate the highest common divisor of q and 54.
27
Let y = 63 + -38. Let f = 211 + -184. Let d be (-1 - (-4)/6) + 684/f. Calculate the highest common divisor of d and y.
25
Let l be ((-28)/7)/((-4)/14). Let d = l + 63. What is the highest common factor of 11 and d?
11
Suppose -37*n + 421 = -1799. What is the greatest common factor of n and 810?
30
Suppose -4*c = -4*k - 4, -3*k - 10 = -2*c + 6*c. Let u(n) = -75*n**3 - 1. Let z be u(c). Let s = z + -24. What is the greatest common divisor of 75 and s?
25
Suppose -2*u + 4*j = 13 - 21, 5*u - 13 = 3*j. What is the highest common factor of u and 18?
2
Suppose -38 - 2 = -5*u. Suppose 48 + 48 = 4*g. What is the greatest common divisor of u and g?
8
Let k = -154 + 250. Suppose 5*b - k = 3*w, 3*b - 46 = 2*w - 6*w. What is the greatest common factor of 198 and b?
18
Let y = -1296 + 1229. Suppose 0 = 4*j, 5*p = -3*j + 4*j + 830. Let f = y + p. What is the greatest common factor of f and 11?
11
Let p = -2 + 4. Let i(j) = 11*j**2 - 3*j + 2. Let l be i(p). Calculate the highest common factor of l and 4.
4
Let u = -156 - -160. What is the greatest common divisor of u and 244?
4
Let w be (3/(-2))/((-90)/44 + 2). What is the greatest common divisor of w and 33?
33
Let t = 6 + 0. Let m = 18 - t. What is the greatest common factor of 84 and m?
12
Let p be 3 + ((-1392)/4)/(-3). Let a = p + 2. Let t = a + -31. What is the greatest common divisor of 9 and t?
9
Suppose 5*j - 3 = -23. Let n be 1/j + (-87)/(-12). What is the highest common divisor of n and 63?
7
Let p = 1219 + -1180. What is the highest common factor of p and 2028?
39
Suppose -32*z = -31*z - 124. Calculate the highest common divisor of z and 155.
31
Let q be 14/2*(-170)/(-7). Suppose -3*a - 58 = l - 93, a = 3*l - 5. Calculate the greatest common divisor of q and a.
10
Suppose -3*h + 2*f + 22 = 0, 2*f = -0*f - 10. Suppose -504 = -h*w + 4*l, -w - l = -0*w - 116. What is the greatest common divisor of 11 and w?
11
Suppose 80 = -3*z - 2*f, 0 = -2*f + 5 + 5. Let j = -27 - z. Let n = 15 - j. Calculate the highest common divisor of n and 36.
12
Let r = 40 + -46. Let l be (-22)/(-6)*(-4)/8*r. Calculate the highest common divisor of l and 1.
1
Let c(l) = -l**3 - 17*l**2 + 7*l - 34. Let h be c(-18). Suppose -7*p + 4 = -h. Calculate the greatest common divisor of p and 3.
3
Let d = 16 - -71. Let h = d - 45. Calculate the greatest common divisor of h and 63.
21
Let x be 70/3 + 8/12. Suppose 0 = -2*l - 0 + x. Let k be 1915/40 - (-2)/16. What is the highest common factor of l and k?
12
Let t(y) = y**3 - 7*y**2 + 2*y + 7. Let m be t(7). Let a be (-3 - -189 - -2) + 3 + -2. What is the greatest common factor of m and a?
21
Let y = -1350 + 1510. What is the greatest common factor of 120 and y?
40
Let k = 20 - 18. Suppose k*j - 16 = -2*j. Suppose -j*p + 45 = -3*s, -s = -p - 0*s + 11. What is the greatest common divisor of p and 12?
12
Suppose -u = -f + 5 - 91, 254 = 3*u - 4*f. Suppose -s - 17 = -35. What is the greatest common factor of s and u?
18
Let m(x) = -2*x**3 - 23*x**2 - 16. Let y be m(-12). What is the greatest common factor of 32 and y?
32
Suppose -5*u = 11 - 1. Let y be ((-1)/((-3)/(-66)))/u. Let l(j) = j**2 - 7*j + 8. Let k be l(y). What is the greatest common divisor of 13 and k?
13
Suppose -4*n + 7*n = 6. Let h(k) = k**3 + 2*k**2 + 3*k + 4. Let x be h(-2). Let v be 3 + 4 + (x - n). What is the highest common factor of v and 3?
3
Let z = -10 + 11. Suppose 4*s - 17 = -z. Let f be s/6 - (-8)/6. Calculate the greatest common divisor of f and 10.
2
Let d be 1/(4/7)*8. Suppose d + 16 = -5*y. Let z be (-360)/84*28/y. What is the greatest common divisor of z and 4?
4
Let l = 60 - 34. What is the greatest common divisor of 494 and l?
26
Let r be 6 + 11/(-2) + 1434/12. What is the greatest common divisor of 900 and r?
60
Let n be ((-4)/12)/(2/(-18)). Suppose -9 = -n*z - 0. Calculate the greatest common factor of z and 3.
3
Let k be (-92 + -4)*28/(-8). Suppose -3*i + 7*i - k = 0. Calculate the highest common factor of 12 and i.
12
Let f = -1036 + 1050. What is the greatest common divisor of 336 and f?
14
Let h be (-812)/20 + (-6)/(-10). Let t be 70/h + 2/(-8) + 78. What is the greatest common divisor of t and 114?
38
Suppose 22 = -537*s + 538*s. Calculate the greatest common divisor of s and 891.
11
Let t = 70 - 58. Suppose -q + t = 4*f, 0 = 5*q - 3*f - 0*f - 152. What is